s digit of 2346?
2
What is the thousands digit of 1879?
1
What is the hundreds digit of 139322?
3
What is the tens digit of 2419?
1
What is the hundreds digit of 44136?
1
What is the tens digit of 2672?
7
What is the units digit of 570?
0
What is the hundreds digit of 1763?
7
What is the units digit of 337?
7
What is the units digit of 1653?
3
What is the hundreds digit of 4578?
5
What is the hundreds digit of 747?
7
What is the thousands digit of 1268?
1
What is the thousands digit of 2777?
2
What is the ten thousands digit of 84628?
8
What is the hundreds digit of 139?
1
What is the units digit of 3895?
5
What is the tens digit of 3748?
4
What is the thousands digit of 8838?
8
What is the ten thousands digit of 32215?
3
What is the tens digit of 863?
6
What is the hundreds digit of 8670?
6
What is the hundreds digit of 865?
8
What is the ten thousands digit of 30274?
3
What is the tens digit of 3109?
0
What is the thousands digit of 65606?
5
What is the hundreds digit of 361?
3
What is the tens digit of 410?
1
What is the units digit of 770?
0
What is the tens digit of 29204?
0
What is the hundreds digit of 4230?
2
What is the thousands digit of 90459?
0
What is the hundreds digit of 7136?
1
What is the units digit of 712?
2
What is the ten thousands digit of 21264?
2
What is the thousands digit of 16295?
6
What is the units digit of 818?
8
What is the tens digit of 4183?
8
What is the tens digit of 879?
7
What is the tens digit of 27078?
7
What is the tens digit of 22562?
6
What is the tens digit of 231?
3
What is the tens digit of 26250?
5
What is the thousands digit of 2282?
2
What is the tens digit of 61?
6
What is the thousands digit of 7390?
7
What is the units digit of 3790?
0
What is the tens digit of 1581?
8
What is the thousands digit of 10789?
0
What is the tens digit of 104?
0
What is the tens digit of 1900?
0
What is the tens digit of 75?
7
What is the tens digit of 1069?
6
What is the units digit of 62?
2
What is the tens digit of 1142?
4
What is the ten thousands digit of 25548?
2
What is the hundreds digit of 276?
2
What is the tens digit of 2055?
5
What is the tens digit of 176641?
4
What is the hundreds digit of 1089?
0
What is the thousands digit of 1970?
1
What is the hundreds digit of 5533?
5
What is the units digit of 2270?
0
What is the ten thousands digit of 25675?
2
What is the units digit of 7932?
2
What is the hundreds digit of 1845?
8
What is the ten thousands digit of 15570?
1
What is the tens digit of 416?
1
What is the tens digit of 1563?
6
What is the tens digit of 24284?
8
What is the thousands digit of 5236?
5
What is the hundreds digit of 790?
7
What is the units digit of 152988?
8
What is the ten thousands digit of 125755?
2
What is the tens digit of 762?
6
What is the units digit of 25724?
4
What is the thousands digit of 4144?
4
What is the thousands digit of 1010?
1
What is the units digit of 8650?
0
What is the tens digit of 3483?
8
What is the hundreds digit of 7128?
1
What is the thousands digit of 8439?
8
What is the hundreds digit of 2336?
3
What is the tens digit of 30783?
8
What is the hundreds digit of 74668?
6
What is the thousands digit of 1122?
1
What is the units digit of 18568?
8
What is the ten thousands digit of 21204?
2
What is the hundreds digit of 53585?
5
What is the thousands digit of 7965?
7
What is the tens digit of 1171?
7
What is the hundreds digit of 660?
6
What is the units digit of 6807?
7
What is the hundreds digit of 2549?
5
What is the thousands digit of 37442?
7
What is the tens digit of 5707?
0
What is the thousands digit of 4044?
4
What is the thousands digit of 1363?
1
What is the tens digit of 32767?
6
What is the tens digit of 18542?
4
What is the tens digit of 8887?
8
What is the hundreds digit of 31214?
2
What is the thousands digit of 5727?
5
What is the units digit of 1221?
1
What is the units digit of 1607?
7
What is the thousands digit of 3276?
3
What is the units digit of 2477?
7
What is the hundreds digit of 1019?
0
What is the hundreds digit of 967?
9
What is the tens digit of 7944?
4
What is the units digit of 6000?
0
What is the hundreds digit of 121?
1
What is the units digit of 948?
8
What is the units digit of 15?
5
What is the hundreds digit of 9547?
5
What is the thousands digit of 2385?
2
What is the thousands digit of 3166?
3
What is the ten thousands digit of 57002?
5
What is the units digit of 2806?
6
What is the units digit of 832?
2
What is the hundreds digit of 31832?
8
What is the tens digit of 14757?
5
What is the ten thousands digit of 10812?
1
What is the hundreds digit of 2743?
7
What is the tens digit of 9604?
0
What is the tens digit of 635?
3
What is the units digit of 3546?
6
What is the tens digit of 7960?
6
What is the thousands digit of 9104?
9
What is the units digit of 829?
9
What is the tens digit of 5123?
2
What is the hundreds digit of 141?
1
What is the hundreds digit of 15286?
2
What is the hundreds digit of 4591?
5
What is the units digit of 161363?
3
What is the tens digit of 4959?
5
What is the tens digit of 2900?
0
What is the thousands digit of 136243?
6
What is the tens digit of 1492?
9
What is the hundreds digit of 52101?
1
What is the hundreds digit of 891?
8
What is the hundreds digit of 1455?
4
What is the tens digit of 189?
8
What is the units digit of 2318?
8
What is the hundreds digit of 4467?
4
What is the tens digit of 82327?
2
What is the thousands digit of 3147?
3
What is the thousands digit of 95581?
5
What is the ten thousands digit of 81267?
8
What is the thousands digit of 2917?
2
What is the units digit of 42971?
1
What is the hundreds digit of 3564?
5
What is the units digit of 15677?
7
What is the thousands digit of 6906?
6
What is the tens digit of 778?
7
What is the tens digit of 1556?
5
What is the hundreds digit of 1508?
5
What is the thousands digit of 31200?
1
What is the hundreds digit of 156?
1
What is the hundreds digit of 1997?
9
What is the thousands digit of 35464?
5
What is the thousands digit of 36451?
6
What is the tens digit of 3987?
8
What is the units digit of 6158?
8
What is the tens digit of 9712?
1
What is the units digit of 3108?
8
What is the thousands digit of 1233?
1
What is the units digit of 6?
6
What is the units digit of 14466?
6
What is the units digit of 1124?
4
What is the tens digit of 1816?
1
What is the ten thousands digit of 15865?
1
What is the units digit of 4131?
1
What is the hundreds digit of 279?
2
What is the thousands digit of 5416?
5
What is the units digit of 2673?
3
What is the units digit of 45571?
1
What is the units digit of 119597?
7
What is the thousands digit of 23137?
3
What is the units digit of 6952?
2
What is the hundreds digit of 34054?
0
What is the units digit of 9755?
5
What is the tens digit of 38237?
3
What is the units digit of 15001?
1
What is the tens digit of 3315?
1
What is the tens digit of 58391?
9
What is the thousands digit of 17410?
7
What is the units digit of 190?
0
What is the units digit of 88?
8
What is the thousands digit of 1346?
1
What is the thousands digit of 1049?
1
What is the tens digit of 55?
5
What is the tens digit of 126?
2
What is the thousands digit of 5171?
5
What is the hundreds digit of 804?
8
What is the units digit of 31135?
5
What is the thousands digit of 40353?
0
What is the units digit of 3393?
3
What is the thousands digit of 5940?
5
What is the thousands digit of 1839?
1
What is the tens digit of 1828?
2
What is the tens digit of 7962?
6
What is the ten thousands digit of 26948?
2
What is the tens digit of 1297?
9
What is the tens digit of 29?
2
What is the thousands digit of 1567?
1
What is the thousands digit of 1262?
1
What is the units digit of 610?
0
What is the hundreds digit of 7002?
0
What is the units digit of 268?
8
What is the thousands digit of 4748?
4
What is the tens digit of 5208?
0
What is the hundreds digit of 3398?
3
What is the tens digit of 6563?
6
What is the hundreds digit of 224?
2
What is the units digit of 1666?
6
What is the tens digit of 4723?
2
What is the hundreds digit of 16432?
4
What is the ten thousands digit of 29491?
2
What is the hundreds digit of 2094?
0
What is the hundreds digit of 19912?
9
What is the tens digit of 9366?
6
What is the tens digit of 1598?
9
W